
False
Is 346 prime?
False
Is 41867 a composite number?
True
Is 7393 a prime number?
True
Is 4087 prime?
False
Is 55789 a prime number?
False
Is 127079 composite?
False
Is 118967 prime?
True
Is 674437 a composite number?
True
Is 172847 a composite number?
True
Is 2258 prime?
False
Is 63241 prime?
True
Is 45407 a prime number?
False
Is 186551 composite?
False
Is 1733519 a composite number?
False
Is 9073 prime?
False
Is 26539 a composite number?
False
Is 143863 a prime number?
False
Is 113357 a prime number?
True
Is 37073 prime?
False
Is 941 composite?
False
Is 2442923 a composite number?
True
Is 26233 a composite number?
True
Is 45295 a composite number?
True
Is 169259 a composite number?
False
Is 505187 a composite number?
False
Is 112397 prime?
True
Is 478087 a composite number?
False
Is 95959 a composite number?
False
Is 1039 composite?
False
Is 276007 prime?
True
Is 1151 a prime number?
True
Is 31159 a prime number?
True
Is 11073 composite?
True
Is 58511 prime?
True
Is 10007 a composite number?
False
Is 9371 prime?
True
Is 248377 prime?
False
Is 302891 composite?
False
Is 400619 composite?
False
Is 1748129 composite?
False
Is 2933 composite?
True
Is 62969 prime?
True
Is 105695 a prime number?
False
Is 10111 composite?
False
Is 30187 prime?
True
Is 18455 a prime number?
False
Is 190471 prime?
True
Is 558707 prime?
False
Is 17851 prime?
True
Is 205913 composite?
False
Is 13513 prime?
True
Is 59999 a prime number?
True
Is 23882 a composite number?
True
Is 61949 a prime number?
True
Is 399335 prime?
False
Is 4861 a prime number?
True
Is 81127 composite?
True
Is 587 a prime number?
True
Is 139651 composite?
True
Is 38669 a prime number?
True
Is 20507 prime?
True
Is 96989 prime?
True
Is 29239 prime?
False
Is 9199 prime?
True
Is 25301 a prime number?
True
Is 114349 a composite number?
True
Is 30521 prime?
False
Is 11239 prime?
True
Is 13577 composite?
False
Is 394099 a composite number?
False
Is 200341 composite?
False
Is 13749 a composite number?
True
Is 1492063 a composite number?
False
Is 7553897 a composite number?
True
Is 269987 prime?
True
Is 8513 prime?
True
Is 52663 a composite number?
True
Is 40861 a prime number?
False
Is 78307 a composite number?
False
Is 1909 a prime number?
False
Is 30691 a composite number?
True
Is 6503 prime?
False
Is 36131 composite?
False
Is 28011 composite?
True
Is 47111 prime?
True
Is 3262173 a composite number?
True
Is 22853 a prime number?
True
Is 8663 composite?
False
Is 2391 composite?
True
Is 49447 a composite number?
True
Is 34241 a composite number?
True
Is 18947 a prime number?
True
Is 15619 composite?
False
Is 133907 a composite number?
True
Is 1153235 composite?
True
Is 149689 composite?
False
Is 505759 composite?
False
Is 18301 composite?
False
Is 27997 composite?
False
Is 32173 composite?
False
Is 66081 a composite number?
True
Is 736507 a composite number?
True
Is 298951 composite?
True
Is 14621 composite?
False
Is 53743 a prime number?
False
Is 2293 composite?
False
Is 259859 a prime number?
False
Is 142045 prime?
False
Is 1361999 a composite number?
False
Is 40813 a composite number?
False
Is 16179 a composite number?
True
Is 160579 a composite number?
False
Is 77929 a composite number?
False
Is 3659 composite?
False
Is 148331 a prime number?
True
Is 279817 prime?
True
Is 36761 prime?
True
Is 126143 a prime number?
True
Is 2609 a composite number?
False
Is 29459 a prime number?
False
Is 15809 composite?
False
Is 146019 a composite number?
True
Is 93883 a prime number?
False
Is 75889 prime?
False
Is 4391 a composite number?
False
Is 56659 prime?
True
Is 202697 a composite number?
True
Is 71607 a prime number?
False
Is 47935 a prime number?
False
Is 79907 a composite number?
False
Is 31421 a prime number?
False
Is 55997 a composite number?
False
Is 85411 a prime number?
True
Is 46589 a composite number?
False
Is 3120217 composite?
False
Is 21059 prime?
True
Is 317899 prime?
False
Is 221541 a composite number?
True
Is 132947 a prime number?
True
Is 23809 a composite number?
True
Is 9757 composite?
True
Is 486203 composite?
False
Is 1480123 a prime number?
False
Is 319885 a prime number?
False
Is 204641 prime?
True
Is 9565 prime?
False
Is 2807111 prime?
True
Is 302791 a prime number?
True
Is 22439 a prime number?
False
Is 324293 composite?
False
Is 55103 composite?
False
Is 100159 a composite number?
True
Is 154211 composite?
False
Is 14461 prime?
True
Is 1092587 a prime number?
False
Is 1310143 prime?
True
Is 935413 composite?
False
Is 33707 a composite number?
True
Is 21953 composite?
True
Is 13553 a composite number?
False
Is 118127 a prime number?
True
Is 466643 a prime number?
False
Is 7525727 composite?
True
Is 286973 composite?
False
Is 773189 prime?
False
Is 1639 composite?
True
Is 92263 a composite number?
True
Is 10037 prime?
True
Is 4117 a composite number?
True
Is 69659 prime?
False
Is 6805 a composite number?
True
Is 718007 a prime number?
True
Is 268619 a prime number?
False
Is 20446 a composite number?
True
Is 997771 a prime number?
False
Is 7642 composite?
True
Is 44053 a composite number?
False
Is 277073 a prime number?
True
Is 56011 prime?
False
Is 5039 composite?
False
Is 4393 prime?
False
Is 2939 composite?
False
Is 3691 a prime number?
True
Is 9103 composite?
False
Is 196919 a composite number?
False
Is 6737 a composite number?
False
Is 124481 prime?
False
Is 44017 a composite number?
False
Is 2092133 a prime number?
True
Is 756683 a composite number?
False
Is 356129 a prime number?
True
Is 104417 prime?
True
Is 170543 a prime number?
False
Is 1335941 a prime number?
True
Is 21458 a composite number?
True
Is 1174297 a prime number?
False
Is 173137 composite?
False
Is 298817 a composite number?
False
Is 253835 composite?
True
Is 234281 composite?
False
Is 236293 a composite number?
False
Is 10559 a composite number?
False
Is 974839 composite?
True
Is 4087 prime?
False
Is 520433 a prime number?
True
Is 39723 a prime number?
False
Is 2923 prime?
False
Is 12269 a prime number?
True
Is 9871 prime?
True
Is 70429 prime?
True
Is 102369 composite?
True
Is 45659 a composite number?
False
Is 45233 composite?
False
Is 73379 a composite number?
False
Is 68254 a prime number?
False
Is 1352201 a prime number?
True
Is 393983 prime?
False
Is 223387 a prime number?
False
Is 54959 composite?
False
Is 34793 composite?
True
Is 33398 a prime number?
False
Is 2840165 prime?
False
Is 4930247 prime?
False
Is 37717 composite?
False
Is 92705 a composite number?
True
Is 78877 a composite number?
False
Is 338543 a composite number?
False
Is 28321 a prime number?
False
Is 89207 a prime number?
False
Is 318239 a prime number?
False
Is 13318 a prime number?
False
Is 30721 prime?
False
Is 1567 composite?
False
Is 215621 a prime number?
False
Is 16963 a prime number?
True
Is 21561 prime?
False
Is 689621 a composite number?
False
Is 24779 composite?
True
Is 62485 composite?
True
Is 120751 a composite number?
True
Is 204851 composite?
True
Is 641 composite?
False
Is 23703 prime?
False
Is 36599 prime?
True
Is 885739 a composite number?
True
Is 89353 a composite number?
True
Is 3763 prime?
False
Is 129649 composite?
True
Is 540861 prime?
False
Is 8172773 a composite number?
True
Is 46385 a prime number?
False
Is 230131 a composite number?
True
Is 62165 a composite number?
True
Is 4327 a composite number?
False
Is 50305 a composite number?
True
Is 386941 a composite number?
True
Is 39323 prime?
True
Is 2357219 a prime number?
True
Is 21955 composite?
True
Is 4533 prime?
False
Is 470993 a composite number?
False
Is 60469 prime?
False
Is 47051 composite?
False
Is 241405 prime?
False
Is 438569 a composite number?
False
Is 13165 composite?
True
Is 4663 composite?
False
Is 233663 a composite number?
False
Is 235997 composite?
False
Is 218357 composite?
False
Is 32831 a composite number?
False
Is 42611 a composite number?
False
Is 25079 a composite number?
True
Is 93643 prime?
False
Is 3011 a composite number?
False
Is 47191 a prime number?
False
Is 116149 a composite number?
True
Is 4663 composite?
False
Is 14901 composite?
True
Is 9626 composite?
True
Is 5839 prime?
True
Is 7507 prime?
True
Is 197111 prime?
False
Is 6387 a prime number?
False
Is 171098 composite?
True
Is 37537 a composite number?
False
Is 71663 compos